{"id":58830,"date":"2026-09-01T15:31:36","date_gmt":"2026-09-01T13:31:36","guid":{"rendered":"https:\/\/www.maiwald.eu\/?post_type=veranstaltungen&#038;p=58830"},"modified":"2026-09-01T15:33:22","modified_gmt":"2026-09-01T13:33:22","slug":"maiwald-beim-aippi-world-congress-2026-in-hamburg","status":"publish","type":"veranstaltungen","link":"https:\/\/www.maiwald.eu\/de\/veranstaltungen\/maiwald-beim-aippi-world-congress-2026-in-hamburg\/","title":{"rendered":"Maiwald beim AIPPI World Congress 2026 in Hamburg"},"content":{"rendered":"\n<p class=\"wp-block-paragraph\">Vom <strong>7. bis 10. Oktober 2026<\/strong> findet der AIPPI World Congress in Hamburg statt. Der j\u00e4hrliche Kongress z\u00e4hlt zu den wichtigsten internationalen Treffen der IP-Community und bringt Mitglieder und Fachleute aus aller Welt zusammen, um aktuelle Entwicklungen und zentrale Fragen des gewerblichen Rechtsschutzes zu diskutieren.<\/p>\n\n\n\n<p class=\"wp-block-paragraph\">Im Mittelpunkt des Kongresses stehen das rechtliche Harmonisierungsprogramm der AIPPI, die Erarbeitung und Verabschiedung von Resolutionen, fachliche Weiterbildungsformate sowie zahlreiche M\u00f6glichkeiten zum internationalen Austausch und Networking. Erg\u00e4nzt wird das Programm durch Panel Sessions, AIPPI Caf\u00e9s und Veranstaltungen zu speziellen Interessengruppen.<\/p>\n\n\n\n<p class=\"wp-block-paragraph\">Maiwald wird beim diesj\u00e4hrigen AIPPI World Congress durch unsere Kolleg:innen <a href=\"https:\/\/www.maiwald.eu\/de\/team\/norbert-hansen\/\">Dr. Norbert Hansen<\/a>, <a href=\"https:\/\/www.maiwald.eu\/de\/team\/alexander-schmitz\/\">Dr. Alexander Schmitz<\/a>, <a href=\"https:\/\/www.maiwald.eu\/de\/team\/heike-roder-hitschke\/\">Heike R\u00f6der-Hitschke<\/a> und <a href=\"https:\/\/www.maiwald.eu\/de\/team\/alexander-mueller\/\">Alexander M\u00fcller<\/a> vertreten.<\/p>\n\n\n\n<p class=\"wp-block-paragraph\">Wir freuen uns auf spannende Diskussionen, neue Impulse und den pers\u00f6nlichen Austausch mit Kolleg:innen und IP-Expert:innen aus aller Welt \u2014 dieses Jahr in Hamburg.<\/p>\n","protected":false},"featured_media":58823,"template":"","meta":{"_acf_changed":false,"footnotes":""},"veranstaltungstyp":[],"class_list":["post-58830","veranstaltungen","type-veranstaltungen","status-publish","has-post-thumbnail","hentry"],"acf":[],"_links":{"self":[{"href":"https:\/\/www.maiwald.eu\/de\/wp-json\/wp\/v2\/veranstaltungen\/58830","targetHints":{"allow":["GET"]}}],"collection":[{"href":"https:\/\/www.maiwald.eu\/de\/wp-json\/wp\/v2\/veranstaltungen"}],"about":[{"href":"https:\/\/www.maiwald.eu\/de\/wp-json\/wp\/v2\/types\/veranstaltungen"}],"version-history":[{"count":2,"href":"https:\/\/www.maiwald.eu\/de\/wp-json\/wp\/v2\/veranstaltungen\/58830\/revisions"}],"predecessor-version":[{"id":58834,"href":"https:\/\/www.maiwald.eu\/de\/wp-json\/wp\/v2\/veranstaltungen\/58830\/revisions\/58834"}],"wp:featuredmedia":[{"embeddable":true,"href":"https:\/\/www.maiwald.eu\/de\/wp-json\/wp\/v2\/media\/58823"}],"wp:attachment":[{"href":"https:\/\/www.maiwald.eu\/de\/wp-json\/wp\/v2\/media?parent=58830"}],"wp:term":[{"taxonomy":"veranstaltungstyp","embeddable":true,"href":"https:\/\/www.maiwald.eu\/de\/wp-json\/wp\/v2\/veranstaltungstyp?post=58830"}],"curies":[{"name":"wp","href":"https:\/\/api.w.org\/{rel}","templated":true}]}}

<p class="wp-block-paragraph">Vom <strong>7. bis 10. Oktober 2026</strong> findet der AIPPI World Congress in Hamburg statt. Der jährliche Kongress zählt zu den wichtigsten internationalen Treffen der IP-Community und bringt Mitglieder und Fachleute aus aller Welt zusammen, um aktuelle Entwicklungen und zentrale Fragen des gewerblichen Rechtsschutzes zu diskutieren.</p>



<p class="wp-block-paragraph">Im Mittelpunkt des Kongresses stehen das rechtliche Harmonisierungsprogramm der AIPPI, die Erarbeitung und Verabschiedung von Resolutionen, fachliche Weiterbildungsformate sowie zahlreiche Möglichkeiten zum internationalen Austausch und Networking. Ergänzt wird das Programm durch Panel Sessions, AIPPI Cafés und Veranstaltungen zu speziellen Interessengruppen.</p>



<p class="wp-block-paragraph">Maiwald wird beim diesjährigen AIPPI World Congress durch unsere Kolleg:innen <a href="https://www.maiwald.eu/de/team/norbert-hansen/">Dr. Norbert Hansen</a>, <a href="https://www.maiwald.eu/de/team/alexander-schmitz/">Dr. Alexander Schmitz</a>, <a href="https://www.maiwald.eu/de/team/heike-roder-hitschke/">Heike Röder-Hitschke</a> und <a href="https://www.maiwald.eu/de/team/alexander-mueller/">Alexander Müller</a> vertreten.</p>



<p class="wp-block-paragraph">Wir freuen uns auf spannende Diskussionen, neue Impulse und den persönlichen Austausch mit Kolleg:innen und IP-Expert:innen aus aller Welt — dieses Jahr in Hamburg.</p>
