{"id":4294,"date":"2019-07-18T14:14:17","date_gmt":"2019-07-18T12:14:17","guid":{"rendered":"https:\/\/www.maiwald.eu\/all\/veranstaltungen\/attila-kimpan-spricht-auf-der-iciam-2019\/"},"modified":"2021-06-15T15:33:46","modified_gmt":"2021-06-15T13:33:46","slug":"attila-kimpan-spricht-auf-der-iciam-2019","status":"publish","type":"veranstaltungen","link":"https:\/\/www.maiwald.eu\/de\/veranstaltungen\/attila-kimpan-spricht-auf-der-iciam-2019\/","title":{"rendered":"Attila Kimpan spricht auf der ICIAM 2019"},"content":{"rendered":"\n<p><a href=\"https:\/\/www.maiwald.eu\/team\/attila-kimpan\/\" target=\"_top\" rel=\"noopener\">Attila Kimpan <\/a>spricht auf dem Weltkongress f\u00fcr Industriemathematik vor Spitzenforschern und F&amp;E-Management \u00fcber Patente. Die vierj\u00e4hrliche Veranstaltung, die <a href=\"https:\/\/iciam2019.org\/\" target=\"_blank\" rel=\"noopener\">ICIAM 2019<\/a>, findet vom 15. bis 19. Juli 2019 in Valencia in Spanien statt.<\/p>\n","protected":false},"featured_media":0,"template":"","meta":{"_acf_changed":false,"footnotes":""},"veranstaltungstyp":[16],"class_list":["post-4294","veranstaltungen","type-veranstaltungen","status-publish","hentry","veranstaltungstyp-externe-veranstaltungen"],"acf":[],"_links":{"self":[{"href":"https:\/\/www.maiwald.eu\/de\/wp-json\/wp\/v2\/veranstaltungen\/4294","targetHints":{"allow":["GET"]}}],"collection":[{"href":"https:\/\/www.maiwald.eu\/de\/wp-json\/wp\/v2\/veranstaltungen"}],"about":[{"href":"https:\/\/www.maiwald.eu\/de\/wp-json\/wp\/v2\/types\/veranstaltungen"}],"version-history":[{"count":0,"href":"https:\/\/www.maiwald.eu\/de\/wp-json\/wp\/v2\/veranstaltungen\/4294\/revisions"}],"wp:attachment":[{"href":"https:\/\/www.maiwald.eu\/de\/wp-json\/wp\/v2\/media?parent=4294"}],"wp:term":[{"taxonomy":"veranstaltungstyp","embeddable":true,"href":"https:\/\/www.maiwald.eu\/de\/wp-json\/wp\/v2\/veranstaltungstyp?post=4294"}],"curies":[{"name":"wp","href":"https:\/\/api.w.org\/{rel}","templated":true}]}}

<p><a href="https://www.maiwald.eu/team/attila-kimpan/" target="_top" rel="noopener">Attila Kimpan </a>spricht auf dem Weltkongress für Industriemathematik vor Spitzenforschern und F&amp;E-Management über Patente. Die vierjährliche Veranstaltung, die <a href="https://iciam2019.org/" target="_blank" rel="noopener">ICIAM 2019</a>, findet vom 15. bis 19. Juli 2019 in Valencia in Spanien statt.</p>
