{"id":4276,"date":"2018-10-22T15:52:45","date_gmt":"2018-10-22T13:52:45","guid":{"rendered":"https:\/\/www.maiwald.eu\/all\/veranstaltungen\/attila-kimpan-spricht-auf-der-konferenz-ecmi-2018-in-budapest-zum-thema-patente-und-mathematik\/"},"modified":"2021-10-01T10:57:32","modified_gmt":"2021-10-01T08:57:32","slug":"attila-kimpan-spricht-auf-der-konferenz-ecmi-2018-in-budapest-zum-thema-patente-und-mathematik","status":"publish","type":"veranstaltungen","link":"https:\/\/www.maiwald.eu\/de\/veranstaltungen\/attila-kimpan-spricht-auf-der-konferenz-ecmi-2018-in-budapest-zum-thema-patente-und-mathematik\/","title":{"rendered":"Attila Kimpan spricht auf der Konferenz ECMI 2018 in Budapest zum Thema \u201ePatente und Mathematik\u201c"},"content":{"rendered":"\n<p>Vom 18. bis 22. Juni 2018 findet in Budapest die 20. Europ\u00e4ische Konferenz f\u00fcr Mathematik f\u00fcr die Industrie statt. Unser Partner&nbsp;<a href=\"https:\/\/www.maiwald.eu\/team\/attila-kimpan\/\" target=\"_top\" rel=\"noopener\">Attila Kimpan<\/a>&nbsp;spricht als Referent der Reihe der Konferenzen des Europ\u00e4ischen Konsortiums f\u00fcr Mathematik in der Industrie (ECMI), die sich f\u00fcr die Zusammenarbeit zwischen Akademie und Industrie einsetzen und zu Innovationen in beiden Bereichen f\u00fchren. Weitere Informationen finden Sie auf der&nbsp;<a href=\"http:\/\/ecmi.bolyai.hu\/\" target=\"_blank\" rel=\"noopener\">Konferenzseite.<\/a><\/p>\n","protected":false},"featured_media":0,"template":"","meta":{"_acf_changed":false,"footnotes":""},"veranstaltungstyp":[16],"class_list":["post-4276","veranstaltungen","type-veranstaltungen","status-publish","hentry","veranstaltungstyp-externe-veranstaltungen"],"acf":[],"_links":{"self":[{"href":"https:\/\/www.maiwald.eu\/de\/wp-json\/wp\/v2\/veranstaltungen\/4276","targetHints":{"allow":["GET"]}}],"collection":[{"href":"https:\/\/www.maiwald.eu\/de\/wp-json\/wp\/v2\/veranstaltungen"}],"about":[{"href":"https:\/\/www.maiwald.eu\/de\/wp-json\/wp\/v2\/types\/veranstaltungen"}],"version-history":[{"count":1,"href":"https:\/\/www.maiwald.eu\/de\/wp-json\/wp\/v2\/veranstaltungen\/4276\/revisions"}],"predecessor-version":[{"id":9159,"href":"https:\/\/www.maiwald.eu\/de\/wp-json\/wp\/v2\/veranstaltungen\/4276\/revisions\/9159"}],"wp:attachment":[{"href":"https:\/\/www.maiwald.eu\/de\/wp-json\/wp\/v2\/media?parent=4276"}],"wp:term":[{"taxonomy":"veranstaltungstyp","embeddable":true,"href":"https:\/\/www.maiwald.eu\/de\/wp-json\/wp\/v2\/veranstaltungstyp?post=4276"}],"curies":[{"name":"wp","href":"https:\/\/api.w.org\/{rel}","templated":true}]}}

<p>Vom 18. bis 22. Juni 2018 findet in Budapest die 20. Europäische Konferenz für Mathematik für die Industrie statt. Unser Partner&nbsp;<a href="https://www.maiwald.eu/team/attila-kimpan/" target="_top" rel="noopener">Attila Kimpan</a>&nbsp;spricht als Referent der Reihe der Konferenzen des Europäischen Konsortiums für Mathematik in der Industrie (ECMI), die sich für die Zusammenarbeit zwischen Akademie und Industrie einsetzen und zu Innovationen in beiden Bereichen führen. Weitere Informationen finden Sie auf der&nbsp;<a href="http://ecmi.bolyai.hu/" target="_blank" rel="noopener">Konferenzseite.</a></p>
