{"id":37857,"date":"2024-03-08T14:31:01","date_gmt":"2024-03-08T13:31:01","guid":{"rendered":"https:\/\/www.maiwald.eu\/?post_type=veranstaltungen&#038;p=37857"},"modified":"2024-03-08T14:31:02","modified_gmt":"2024-03-08T13:31:02","slug":"grundermesse-graz","status":"publish","type":"veranstaltungen","link":"https:\/\/www.maiwald.eu\/de\/veranstaltungen\/grundermesse-graz\/","title":{"rendered":"Gr\u00fcndermesse Graz"},"content":{"rendered":"\n<p>Am 16. M\u00e4rz findet von 9 bis 17 Uhr die Gr\u00fcndermesse in Graz statt. Die Veranstaltung stellt kompakt und effektiv alle notwendigen Informationen und Hilfestellungen bereit, die als Gr\u00fcnder:in ben\u00f6tigt werden. Wir freuen uns, mit unserem \u00f6sterreichischen Patentanwalt <a href=\"https:\/\/www.maiwald.eu\/de\/team\/alexander-feil\/\" target=\"_blank\" rel=\"noreferrer noopener\">Alexander Feil<\/a> und unserem Patentreferenten <a href=\"https:\/\/www.maiwald.eu\/de\/team\/patrick-heeger\/\">Patrick Heeger<\/a> vor Ort zu sein und auf interessante Gespr\u00e4che und Networking.<\/p>\n\n\n\n<p>Ihr findet uns am <strong>Stand 53<\/strong>, <strong>MesseCongressNord.<\/strong><\/p>\n\n\n\n<p><a href=\"https:\/\/www.patentamt.at\/alle-veranstaltungen\/veranstaltungen-detail\/artikel\/gruendermesse-graz-2024\" target=\"_blank\" rel=\"noopener\">Mehr Informationen<\/a><\/p>\n","protected":false},"featured_media":37858,"template":"","meta":{"_acf_changed":false,"footnotes":""},"veranstaltungstyp":[],"class_list":["post-37857","veranstaltungen","type-veranstaltungen","status-publish","has-post-thumbnail","hentry"],"acf":[],"_links":{"self":[{"href":"https:\/\/www.maiwald.eu\/de\/wp-json\/wp\/v2\/veranstaltungen\/37857","targetHints":{"allow":["GET"]}}],"collection":[{"href":"https:\/\/www.maiwald.eu\/de\/wp-json\/wp\/v2\/veranstaltungen"}],"about":[{"href":"https:\/\/www.maiwald.eu\/de\/wp-json\/wp\/v2\/types\/veranstaltungen"}],"version-history":[{"count":5,"href":"https:\/\/www.maiwald.eu\/de\/wp-json\/wp\/v2\/veranstaltungen\/37857\/revisions"}],"predecessor-version":[{"id":37903,"href":"https:\/\/www.maiwald.eu\/de\/wp-json\/wp\/v2\/veranstaltungen\/37857\/revisions\/37903"}],"wp:featuredmedia":[{"embeddable":true,"href":"https:\/\/www.maiwald.eu\/de\/wp-json\/wp\/v2\/media\/37858"}],"wp:attachment":[{"href":"https:\/\/www.maiwald.eu\/de\/wp-json\/wp\/v2\/media?parent=37857"}],"wp:term":[{"taxonomy":"veranstaltungstyp","embeddable":true,"href":"https:\/\/www.maiwald.eu\/de\/wp-json\/wp\/v2\/veranstaltungstyp?post=37857"}],"curies":[{"name":"wp","href":"https:\/\/api.w.org\/{rel}","templated":true}]}}

Gründermesse Graz

<p>Am 16. März findet von 9 bis 17 Uhr die Gründermesse in Graz statt. Die Veranstaltung stellt kompakt und effektiv alle notwendigen Informationen und Hilfestellungen bereit, die als Gründer:in benötigt werden. Wir freuen uns, mit unserem österreichischen Patentanwalt <a href="https://www.maiwald.eu/de/team/alexander-feil/" target="_blank" rel="noreferrer noopener">Alexander Feil</a> und unserem Patentreferenten <a href="https://www.maiwald.eu/de/team/patrick-heeger/">Patrick Heeger</a> vor Ort zu sein und auf interessante Gespräche und Networking.</p>



<p>Ihr findet uns am <strong>Stand 53</strong>, <strong>MesseCongressNord.</strong></p>



<p><a href="https://www.patentamt.at/alle-veranstaltungen/veranstaltungen-detail/artikel/gruendermesse-graz-2024" target="_blank" rel="noopener">Mehr Informationen</a></p>
