{"id":36439,"date":"2024-01-25T17:16:28","date_gmt":"2024-01-25T16:16:28","guid":{"rendered":"https:\/\/www.maiwald.eu\/?post_type=veranstaltungen&#038;p=36439"},"modified":"2024-03-27T15:42:08","modified_gmt":"2024-03-27T14:42:08","slug":"36-deutscher-pharma-recht-tag-2024","status":"publish","type":"veranstaltungen","link":"https:\/\/www.maiwald.eu\/de\/veranstaltungen\/36-deutscher-pharma-recht-tag-2024\/","title":{"rendered":"36. Deutscher Pharma Recht Tag in Frankfurt, 23. April 2024"},"content":{"rendered":"\n<p>Dr. Marco Stief h\u00e4lt am 23. April 2024 im Rahmen des 36. Deutschen Pharmarecht-Tages einen Vortrag zu &#8220;Nichtangriffsverpflichtungen in F&amp;E, Kooperations-, Lizenz- und Vergleichsvertr\u00e4gen&#8220;. Ein Thema, das in den vergangenen Jahren an Relevanz und Komplexit\u00e4t gewonnen hat und dessen Grundlagen jedem gel\u00e4ufig sein sollten, der im Bereich F&amp;E-, Kooperations- und Lizenzvertr\u00e4ge oder im Rahmen gerichtlicher IP-Streitigkeiten unterwegs ist.\u00a0<\/p>\n","protected":false},"featured_media":38247,"template":"","meta":{"_acf_changed":false,"footnotes":""},"veranstaltungstyp":[820],"class_list":["post-36439","veranstaltungen","type-veranstaltungen","status-publish","has-post-thumbnail","hentry","veranstaltungstyp-vortag-live"],"acf":[],"_links":{"self":[{"href":"https:\/\/www.maiwald.eu\/de\/wp-json\/wp\/v2\/veranstaltungen\/36439","targetHints":{"allow":["GET"]}}],"collection":[{"href":"https:\/\/www.maiwald.eu\/de\/wp-json\/wp\/v2\/veranstaltungen"}],"about":[{"href":"https:\/\/www.maiwald.eu\/de\/wp-json\/wp\/v2\/types\/veranstaltungen"}],"version-history":[{"count":8,"href":"https:\/\/www.maiwald.eu\/de\/wp-json\/wp\/v2\/veranstaltungen\/36439\/revisions"}],"predecessor-version":[{"id":38278,"href":"https:\/\/www.maiwald.eu\/de\/wp-json\/wp\/v2\/veranstaltungen\/36439\/revisions\/38278"}],"wp:featuredmedia":[{"embeddable":true,"href":"https:\/\/www.maiwald.eu\/de\/wp-json\/wp\/v2\/media\/38247"}],"wp:attachment":[{"href":"https:\/\/www.maiwald.eu\/de\/wp-json\/wp\/v2\/media?parent=36439"}],"wp:term":[{"taxonomy":"veranstaltungstyp","embeddable":true,"href":"https:\/\/www.maiwald.eu\/de\/wp-json\/wp\/v2\/veranstaltungstyp?post=36439"}],"curies":[{"name":"wp","href":"https:\/\/api.w.org\/{rel}","templated":true}]}}

<p>Dr. Marco Stief hält am 23. April 2024 im Rahmen des 36. Deutschen Pharmarecht-Tages einen Vortrag zu &#8220;Nichtangriffsverpflichtungen in F&amp;E, Kooperations-, Lizenz- und Vergleichsverträgen&#8220;. Ein Thema, das in den vergangenen Jahren an Relevanz und Komplexität gewonnen hat und dessen Grundlagen jedem geläufig sein sollten, der im Bereich F&amp;E-, Kooperations- und Lizenzverträge oder im Rahmen gerichtlicher IP-Streitigkeiten unterwegs ist. </p>
