{"id":33622,"date":"2023-09-20T12:56:13","date_gmt":"2023-09-20T10:56:13","guid":{"rendered":"https:\/\/www.maiwald.eu\/?post_type=veranstaltungen&#038;p=33622"},"modified":"2024-02-28T15:55:01","modified_gmt":"2024-02-28T14:55:01","slug":"biotechx-europe-2023","status":"publish","type":"veranstaltungen","link":"https:\/\/www.maiwald.eu\/de\/veranstaltungen\/biotechx-europe-2023\/","title":{"rendered":"BioTechX Europe 2023"},"content":{"rendered":"\n<p>BioTechX Europe ist Europas gr\u00f6\u00dfter Kongress f\u00fcr Diagnostik, Pr\u00e4zisionsmedizin und digitale Transformation in der pharmazeutischen Entwicklung und im Gesundheitswesen.<\/p>\n\n\n\n<p>Im Oktober kam die dreit\u00e4gige Veranstaltung nach Basel, dem Pharmazentrum Europas, mit 2500 f\u00fchrenden Vertretern der Branche, 450 Referenten und 100 Start-ups unter einem Dach. Auf dem BioTechX Europe-Kongress traten Redner aus den 50 f\u00fchrenden Pharmaunternehmen, Biotech-Unternehmen, Gesundheitssystemen und akademischen Gruppen auf und boten endlose M\u00f6glichkeiten zur Vernetzung.<\/p>\n\n\n\n<p>Es freut uns, dass unsere Partner <a href=\"https:\/\/www.maiwald.eu\/de\/team\/christian-pioch\/\">Dr. Christian Pioch<\/a> und <a href=\"https:\/\/www.maiwald.eu\/de\/team\/annelie-wuensche\/\">Dr. Annelie W\u00fcnsche<\/a> vor Ort vertreten sein konnten. <a href=\"https:\/\/www.maiwald.eu\/de\/team\/annelie-wuensche\/\">Dr. Annelie W\u00fcnsche<\/a> hielt in diesem Rahmen einen Vortrag zum Thema &#8222;Catching the Innovation &#8211; Challenges of Patenting AI in Drug Development&#8220;. <\/p>\n\n\n\n<p>Im Laufe der Jahre wurden vom Veranstalter enge Beziehungen zu lokalen Partnern wie dem Kanton Basel, Novartis, Roche und verschiedenen Inkubatoren aufgebaut, um die gesamte Arzneimittelentwicklungspipeline abzudecken. <\/p>\n\n\n\n<p><a href=\"https:\/\/www.terrapinn.com\/conference\/biotechx\/agenda.stm\" target=\"_blank\" rel=\"noopener\">Agenda<\/a><\/p>\n","protected":false},"featured_media":33825,"template":"","meta":{"_acf_changed":false,"footnotes":""},"veranstaltungstyp":[820],"class_list":["post-33622","veranstaltungen","type-veranstaltungen","status-publish","has-post-thumbnail","hentry","veranstaltungstyp-vortag-live"],"acf":[],"_links":{"self":[{"href":"https:\/\/www.maiwald.eu\/de\/wp-json\/wp\/v2\/veranstaltungen\/33622","targetHints":{"allow":["GET"]}}],"collection":[{"href":"https:\/\/www.maiwald.eu\/de\/wp-json\/wp\/v2\/veranstaltungen"}],"about":[{"href":"https:\/\/www.maiwald.eu\/de\/wp-json\/wp\/v2\/types\/veranstaltungen"}],"version-history":[{"count":17,"href":"https:\/\/www.maiwald.eu\/de\/wp-json\/wp\/v2\/veranstaltungen\/33622\/revisions"}],"predecessor-version":[{"id":37408,"href":"https:\/\/www.maiwald.eu\/de\/wp-json\/wp\/v2\/veranstaltungen\/33622\/revisions\/37408"}],"wp:featuredmedia":[{"embeddable":true,"href":"https:\/\/www.maiwald.eu\/de\/wp-json\/wp\/v2\/media\/33825"}],"wp:attachment":[{"href":"https:\/\/www.maiwald.eu\/de\/wp-json\/wp\/v2\/media?parent=33622"}],"wp:term":[{"taxonomy":"veranstaltungstyp","embeddable":true,"href":"https:\/\/www.maiwald.eu\/de\/wp-json\/wp\/v2\/veranstaltungstyp?post=33622"}],"curies":[{"name":"wp","href":"https:\/\/api.w.org\/{rel}","templated":true}]}}

<p>BioTechX Europe ist Europas größter Kongress für Diagnostik, Präzisionsmedizin und digitale Transformation in der pharmazeutischen Entwicklung und im Gesundheitswesen.</p>



<p>Im Oktober kam die dreitägige Veranstaltung nach Basel, dem Pharmazentrum Europas, mit 2500 führenden Vertretern der Branche, 450 Referenten und 100 Start-ups unter einem Dach. Auf dem BioTechX Europe-Kongress traten Redner aus den 50 führenden Pharmaunternehmen, Biotech-Unternehmen, Gesundheitssystemen und akademischen Gruppen auf und boten endlose Möglichkeiten zur Vernetzung.</p>



<p>Es freut uns, dass unsere Partner <a href="https://www.maiwald.eu/de/team/christian-pioch/">Dr. Christian Pioch</a> und <a href="https://www.maiwald.eu/de/team/annelie-wuensche/">Dr. Annelie Wünsche</a> vor Ort vertreten sein konnten. <a href="https://www.maiwald.eu/de/team/annelie-wuensche/">Dr. Annelie Wünsche</a> hielt in diesem Rahmen einen Vortrag zum Thema &#8222;Catching the Innovation &#8211; Challenges of Patenting AI in Drug Development&#8220;. </p>



<p>Im Laufe der Jahre wurden vom Veranstalter enge Beziehungen zu lokalen Partnern wie dem Kanton Basel, Novartis, Roche und verschiedenen Inkubatoren aufgebaut, um die gesamte Arzneimittelentwicklungspipeline abzudecken. </p>



<p><a href="https://www.terrapinn.com/conference/biotechx/agenda.stm" target="_blank" rel="noopener">Agenda</a></p>
