{"id":33278,"date":"2023-08-24T12:28:24","date_gmt":"2023-08-24T10:28:24","guid":{"rendered":"https:\/\/www.maiwald.eu\/?post_type=veranstaltungen&#038;p=33278"},"modified":"2024-02-28T15:57:41","modified_gmt":"2024-02-28T14:57:41","slug":"anmeldung-zum-plagiarius-wettbewerb-2024","status":"publish","type":"veranstaltungen","link":"https:\/\/www.maiwald.eu\/de\/veranstaltungen\/anmeldung-zum-plagiarius-wettbewerb-2024\/","title":{"rendered":"Anmeldung zum \u201ePlagiarius Wettbewerb 2024\u201c"},"content":{"rendered":"\n<p><strong>Die Aktion Plagiarius e.V. sucht wieder die dreistesten Plagiate!&nbsp;<\/strong>Der folgende Text mit Details zum \u201ePlagiarius-Wettbewerb 2024\u201c stammt aus einem Artikel der Aktion Plagiarius e.V.:<\/p>\n\n\n\n<p>Bereits zum 48. Mal schreibt die Aktion Plagiarius e.V. den Plagiarius-Wettbewerb aus. Von Produkt- und Markenpiraterie betroffene Unternehmen und Designer haben die M\u00f6glichkeit, ihre Originalprodukte sowie vermeintliche Nachahmungen einzureichen und den Plagiator \u2013&nbsp;<em>Hersteller und\/oder H\u00e4ndler&nbsp;<\/em>\u2013 als Preistr\u00e4ger des Negativpreises vorzuschlagen.<\/p>\n\n\n\n<p>In Erg\u00e4nzung zur juristischen Verfolgung hat sich die Teilnahme am Wettbewerb f\u00fcr viele Originalhersteller als sehr erfolgreich erwiesen: Wir teilen den vermeintlichen Nachahmern schriftlich mit, dass sie f\u00fcr den \u201ePlagiarius\u201c nominiert sind und geben ihnen die M\u00f6glichkeit zur Stellungnahme. Die Antworten zeigen nicht nur die grunds\u00e4tzliche Einstellung des Plagiators, sie enthalten oftmals auch f\u00fcr Sie als Einreicher neue und interessante Hintergrundinformationen. Zudem hat die Angst vor \u00f6ffentlicher Blamage schon so manchen Plagiator dazu gebracht Restbest\u00e4nde der Plagiate vom Markt zu nehmen, eine Unterlassungserkl\u00e4rung zu unterschreiben oder Lieferanten preis zu geben.<\/p>\n\n\n\n<p><em>\u201eDie Auszeichnung mit dem Schm\u00e4hpreis hat den asiatischen Nachahmer dazu gebracht den Verkauf der F\u00e4lschungen zu stoppen und sich bei uns zu entschuldigen. Dadurch sind WIKA weitere Rechtsverfolgungen und damit verbundener Zeit- und vor allem Kostenaufwand erspart geblieben!\u201c<\/em>&nbsp;\u2013 Ulrich Demuth, Leiter Patent &amp; Marken, WIKA SE Klingenberg<\/p>\n\n\n\n<p>Die&nbsp;Verleihung des \u201ePlagiarius 2024\u201c<strong>&nbsp;<\/strong>findet&nbsp;im Rahmen einer internationalen Pressekonferenz auf der Frankfurter Messe \u201eAmbiente\u201c&nbsp;statt. Die Plagiarius-Preistr\u00e4ger 2024 werden im Rahmen der&nbsp;Sonderschau \u201ePlagiarius\u201c&nbsp;vom 26. \u2013 30. Januar 2024 an prominenter Stelle ausgestellt. Nach der Messe werden die aktuellen Preistr\u00e4ger im Museum Plagiarius in Solingen sowie im Rahmen von Plagiarius-Ausstellungen und Events einem breiten Publikum gezeigt.<\/p>\n\n\n\n<p>Die Anmeldeunterlagen, Informationen zu den einzureichenden Unterlagen und weitere Details zum Wettbewerb finden Sie im\u00a0<a href=\"https:\/\/www.plagiarius.com\/index.php?ID=25&amp;SETSPRACHE=1\" target=\"_blank\" rel=\"noreferrer noopener\">Originalbeitrag<\/a>\u00a0von Aktion Plagiarius e.V. Beachten Sie, dass Einsendungen bis\u00a0zum 30. September 2023 (Fr\u00fchbuchertarif) oder sp\u00e4testens bis zum Einsendeschluss am 30. Oktober\u00a02023 vorgenommen werden m\u00fcssen.<\/p>\n","protected":false},"featured_media":33292,"template":"","meta":{"_acf_changed":false,"footnotes":""},"veranstaltungstyp":[],"class_list":["post-33278","veranstaltungen","type-veranstaltungen","status-publish","has-post-thumbnail","hentry"],"acf":[],"_links":{"self":[{"href":"https:\/\/www.maiwald.eu\/de\/wp-json\/wp\/v2\/veranstaltungen\/33278","targetHints":{"allow":["GET"]}}],"collection":[{"href":"https:\/\/www.maiwald.eu\/de\/wp-json\/wp\/v2\/veranstaltungen"}],"about":[{"href":"https:\/\/www.maiwald.eu\/de\/wp-json\/wp\/v2\/types\/veranstaltungen"}],"version-history":[{"count":11,"href":"https:\/\/www.maiwald.eu\/de\/wp-json\/wp\/v2\/veranstaltungen\/33278\/revisions"}],"predecessor-version":[{"id":37412,"href":"https:\/\/www.maiwald.eu\/de\/wp-json\/wp\/v2\/veranstaltungen\/33278\/revisions\/37412"}],"wp:featuredmedia":[{"embeddable":true,"href":"https:\/\/www.maiwald.eu\/de\/wp-json\/wp\/v2\/media\/33292"}],"wp:attachment":[{"href":"https:\/\/www.maiwald.eu\/de\/wp-json\/wp\/v2\/media?parent=33278"}],"wp:term":[{"taxonomy":"veranstaltungstyp","embeddable":true,"href":"https:\/\/www.maiwald.eu\/de\/wp-json\/wp\/v2\/veranstaltungstyp?post=33278"}],"curies":[{"name":"wp","href":"https:\/\/api.w.org\/{rel}","templated":true}]}}

<p><strong>Die Aktion Plagiarius e.V. sucht wieder die dreistesten Plagiate!&nbsp;</strong>Der folgende Text mit Details zum „Plagiarius-Wettbewerb 2024“ stammt aus einem Artikel der Aktion Plagiarius e.V.:</p>



<p>Bereits zum 48. Mal schreibt die Aktion Plagiarius e.V. den Plagiarius-Wettbewerb aus. Von Produkt- und Markenpiraterie betroffene Unternehmen und Designer haben die Möglichkeit, ihre Originalprodukte sowie vermeintliche Nachahmungen einzureichen und den Plagiator –&nbsp;<em>Hersteller und/oder Händler&nbsp;</em>– als Preisträger des Negativpreises vorzuschlagen.</p>



<p>In Ergänzung zur juristischen Verfolgung hat sich die Teilnahme am Wettbewerb für viele Originalhersteller als sehr erfolgreich erwiesen: Wir teilen den vermeintlichen Nachahmern schriftlich mit, dass sie für den „Plagiarius“ nominiert sind und geben ihnen die Möglichkeit zur Stellungnahme. Die Antworten zeigen nicht nur die grundsätzliche Einstellung des Plagiators, sie enthalten oftmals auch für Sie als Einreicher neue und interessante Hintergrundinformationen. Zudem hat die Angst vor öffentlicher Blamage schon so manchen Plagiator dazu gebracht Restbestände der Plagiate vom Markt zu nehmen, eine Unterlassungserklärung zu unterschreiben oder Lieferanten preis zu geben.</p>



<p><em>„Die Auszeichnung mit dem Schmähpreis hat den asiatischen Nachahmer dazu gebracht den Verkauf der Fälschungen zu stoppen und sich bei uns zu entschuldigen. Dadurch sind WIKA weitere Rechtsverfolgungen und damit verbundener Zeit- und vor allem Kostenaufwand erspart geblieben!“</em>&nbsp;– Ulrich Demuth, Leiter Patent &amp; Marken, WIKA SE Klingenberg</p>



<p>Die&nbsp;Verleihung des „Plagiarius 2024“<strong>&nbsp;</strong>findet&nbsp;im Rahmen einer internationalen Pressekonferenz auf der Frankfurter Messe „Ambiente“&nbsp;statt. Die Plagiarius-Preisträger 2024 werden im Rahmen der&nbsp;Sonderschau „Plagiarius“&nbsp;vom 26. – 30. Januar 2024 an prominenter Stelle ausgestellt. Nach der Messe werden die aktuellen Preisträger im Museum Plagiarius in Solingen sowie im Rahmen von Plagiarius-Ausstellungen und Events einem breiten Publikum gezeigt.</p>



<p>Die Anmeldeunterlagen, Informationen zu den einzureichenden Unterlagen und weitere Details zum Wettbewerb finden Sie im <a href="https://www.plagiarius.com/index.php?ID=25&amp;SETSPRACHE=1" target="_blank" rel="noreferrer noopener">Originalbeitrag</a> von Aktion Plagiarius e.V. Beachten Sie, dass Einsendungen bis zum 30. September 2023 (Frühbuchertarif) oder spätestens bis zum Einsendeschluss am 30. Oktober 2023 vorgenommen werden müssen.</p>
