{"id":17033,"date":"2022-04-04T17:23:14","date_gmt":"2022-04-04T15:23:14","guid":{"rendered":"https:\/\/www.maiwald.eu\/?post_type=veranstaltungen&#038;p=17033"},"modified":"2024-02-28T16:17:11","modified_gmt":"2024-02-28T15:17:11","slug":"maiwald-auf-der-patinfo2022-in-suhl","status":"publish","type":"veranstaltungen","link":"https:\/\/www.maiwald.eu\/de\/veranstaltungen\/maiwald-auf-der-patinfo2022-in-suhl\/","title":{"rendered":"Maiwald auf der PATINFO2022 in Suhl"},"content":{"rendered":"\n<p>Vom&nbsp;22. bis 24. Juni 2022 findet die PATINFO2022 mit dem Thema Internationalisierung und Digitalisierung der IP-Welt im CCS Suhl&nbsp;statt.<\/p>\n\n\n\n<p>Unsere Partnerin und Leiterin der Markenabteilung <a href=\"https:\/\/www.maiwald.eu\/team\/susanna-heurung\/\" target=\"_blank\" rel=\"noreferrer noopener\">Susanna Heurung<\/a> h\u00e4lt am 24.06. einen Vortrag mit dem Titel: \u201eRechtserhaltende Benutzung von Marken\u201c.<\/p>\n\n\n\n<p><a href=\"https:\/\/www.tu-ilmenau.de\/forschung\/service\/paton-landespatentzentrum-thueringen\" target=\"_blank\" rel=\"noopener\">Mehr Informationen \u00fcber den Veranstalter PATON (Landespatentzentrum Th\u00fcringen an der Technischen Universit\u00e4t Ilmenau Th\u00fcringen)<\/a><\/p>\n\n\n\n<p>Weitere Informationen zur Veranstaltung als auch die Agenda finden Sie unter: <a href=\"https:\/\/www.tu-ilmenau.de\/forschung\/service\/paton-landespatentzentrum-thueringen\/das-paton\/patinfo\/programm\" target=\"_blank\" rel=\"noopener\">Programm | Technische Universit\u00e4t Ilmenau (tu-ilmenau.de)<\/a><\/p>\n","protected":false},"featured_media":17058,"template":"","meta":{"_acf_changed":false,"footnotes":""},"veranstaltungstyp":[],"class_list":["post-17033","veranstaltungen","type-veranstaltungen","status-publish","has-post-thumbnail","hentry"],"acf":[],"_links":{"self":[{"href":"https:\/\/www.maiwald.eu\/de\/wp-json\/wp\/v2\/veranstaltungen\/17033","targetHints":{"allow":["GET"]}}],"collection":[{"href":"https:\/\/www.maiwald.eu\/de\/wp-json\/wp\/v2\/veranstaltungen"}],"about":[{"href":"https:\/\/www.maiwald.eu\/de\/wp-json\/wp\/v2\/types\/veranstaltungen"}],"version-history":[{"count":28,"href":"https:\/\/www.maiwald.eu\/de\/wp-json\/wp\/v2\/veranstaltungen\/17033\/revisions"}],"predecessor-version":[{"id":37450,"href":"https:\/\/www.maiwald.eu\/de\/wp-json\/wp\/v2\/veranstaltungen\/17033\/revisions\/37450"}],"wp:featuredmedia":[{"embeddable":true,"href":"https:\/\/www.maiwald.eu\/de\/wp-json\/wp\/v2\/media\/17058"}],"wp:attachment":[{"href":"https:\/\/www.maiwald.eu\/de\/wp-json\/wp\/v2\/media?parent=17033"}],"wp:term":[{"taxonomy":"veranstaltungstyp","embeddable":true,"href":"https:\/\/www.maiwald.eu\/de\/wp-json\/wp\/v2\/veranstaltungstyp?post=17033"}],"curies":[{"name":"wp","href":"https:\/\/api.w.org\/{rel}","templated":true}]}}

<p>Vom&nbsp;22. bis 24. Juni 2022 findet die PATINFO2022 mit dem Thema Internationalisierung und Digitalisierung der IP-Welt im CCS Suhl&nbsp;statt.</p>



<p>Unsere Partnerin und Leiterin der Markenabteilung <a href="https://www.maiwald.eu/team/susanna-heurung/" target="_blank" rel="noreferrer noopener">Susanna Heurung</a> hält am 24.06. einen Vortrag mit dem Titel: „Rechtserhaltende Benutzung von Marken“.</p>



<p><a href="https://www.tu-ilmenau.de/forschung/service/paton-landespatentzentrum-thueringen" target="_blank" rel="noopener">Mehr Informationen über den Veranstalter PATON (Landespatentzentrum Thüringen an der Technischen Universität Ilmenau Thüringen)</a></p>



<p>Weitere Informationen zur Veranstaltung als auch die Agenda finden Sie unter: <a href="https://www.tu-ilmenau.de/forschung/service/paton-landespatentzentrum-thueringen/das-paton/patinfo/programm" target="_blank" rel="noopener">Programm | Technische Universität Ilmenau (tu-ilmenau.de)</a></p>
