{"id":15173,"date":"2022-03-21T13:51:09","date_gmt":"2022-03-21T12:51:09","guid":{"rendered":"https:\/\/www.maiwald.eu\/?post_type=team&#038;p=15173"},"modified":"2025-04-03T11:28:51","modified_gmt":"2025-04-03T09:28:51","slug":"susanne-ferstl","status":"publish","type":"team","link":"https:\/\/www.maiwald.eu\/de\/team\/susanne-ferstl\/","title":{"rendered":"Susanne Ferstl"},"content":{"rendered":"\n<p>Susanne Ferstl befasst sich insbesondere mit Anmeldungen, Umschreibungsprojekten, Kollisionshinweisen und Vorrechtsvereinbarungen, Berechtigungsanfragen, Verl\u00e4ngerungen, Widerspr\u00fcchen und Verletzungsverfahren von Marken und Designs.<\/p>\n\n\n\n<p>Dar\u00fcber hinaus ist sie f\u00fcr das administrative Management in der Markenabteilung zust\u00e4ndig. Sie engagiert sich bei der INTA (International Trade mark Association) und hat in der Vergangenheit bereits erfolgreich mehrere Seminare, u.a. beim Deutschen Patent- und Markenamt organisiert, durchgef\u00fchrt und unterst\u00fctzt. Seit Januar 2022 ist sie im INTA Trademark Administrators Outreach Subcommittee.<\/p>\n\n\n\n<p><\/p>\n\n\n\n<p><\/p>\n","protected":false},"template":"","meta":{"_acf_changed":false,"footnotes":""},"position":[347],"qualifikation":[457,437],"class_list":["post-15173","team","type-team","status-publish","hentry","position-de_technical-expert","qualifikation-euipo-certified-trademark-and-design-paralegal","qualifikation-marken-und-designreferentin"],"acf":[],"_links":{"self":[{"href":"https:\/\/www.maiwald.eu\/de\/wp-json\/wp\/v2\/team\/15173","targetHints":{"allow":["GET"]}}],"collection":[{"href":"https:\/\/www.maiwald.eu\/de\/wp-json\/wp\/v2\/team"}],"about":[{"href":"https:\/\/www.maiwald.eu\/de\/wp-json\/wp\/v2\/types\/team"}],"version-history":[{"count":10,"href":"https:\/\/www.maiwald.eu\/de\/wp-json\/wp\/v2\/team\/15173\/revisions"}],"predecessor-version":[{"id":47887,"href":"https:\/\/www.maiwald.eu\/de\/wp-json\/wp\/v2\/team\/15173\/revisions\/47887"}],"wp:attachment":[{"href":"https:\/\/www.maiwald.eu\/de\/wp-json\/wp\/v2\/media?parent=15173"}],"wp:term":[{"taxonomy":"position","embeddable":true,"href":"https:\/\/www.maiwald.eu\/de\/wp-json\/wp\/v2\/position?post=15173"},{"taxonomy":"qualifikation","embeddable":true,"href":"https:\/\/www.maiwald.eu\/de\/wp-json\/wp\/v2\/qualifikation?post=15173"}],"curies":[{"name":"wp","href":"https:\/\/api.w.org\/{rel}","templated":true}]}}

<p>Susanne Ferstl befasst sich insbesondere mit Anmeldungen, Umschreibungsprojekten, Kollisionshinweisen und Vorrechtsvereinbarungen, Berechtigungsanfragen, Verlängerungen, Widersprüchen und Verletzungsverfahren von Marken und Designs.</p>



<p>Darüber hinaus ist sie für das administrative Management in der Markenabteilung zuständig. Sie engagiert sich bei der INTA (International Trade mark Association) und hat in der Vergangenheit bereits erfolgreich mehrere Seminare, u.a. beim Deutschen Patent- und Markenamt organisiert, durchgeführt und unterstützt. Seit Januar 2022 ist sie im INTA Trademark Administrators Outreach Subcommittee.</p>



<p></p>



<p></p>
